prime?
False
Is 35319481 a prime number?
False
Is 4386335 a prime number?
False
Is 27109831 a prime number?
False
Is 18182779 composite?
False
Is 560281 a prime number?
True
Is 36791401 prime?
False
Is 8190327 prime?
False
Is 1896721 prime?
True
Is 1053011 composite?
True
Is 3130073 composite?
True
Is 117983 composite?
True
Is 604171 a prime number?
True
Is 33946081 a composite number?
True
Is 287869901 a composite number?
True
Is 22177 a prime number?
False
Is 8414243 prime?
True
Is 581117 a composite number?
True
Is 177020621 composite?
False
Is 5026881 a composite number?
True
Is 10174421 composite?
False
Is 131262657 prime?
False
Is 3684079 composite?
True
Is 17402677 a prime number?
True
Is 3666029 a composite number?
True
Is 118529 a prime number?
True
Is 2327027 composite?
False
Is 28864177 prime?
True
Is 55495267 a composite number?
True
Is 1145863 a prime number?
False
Is 2532587 a composite number?
False
Is 83765551 prime?
False
Is 6229331 composite?
True
Is 156438937 prime?
True
Is 3283919 a composite number?
True
Is 6044069 composite?
False
Is 21697309 composite?
True
Is 28706591 composite?
True
Is 27569519 composite?
False
Is 46075957 a composite number?
True
Is 55561991 prime?
False
Is 23924227 composite?
False
Is 28850923 prime?
True
Is 5758889 composite?
False
Is 205699355 a composite number?
True
Is 17614249 composite?
True
Is 235147763 a prime number?
True
Is 1174279 prime?
False
Is 75258647 prime?
False
Is 115499 composite?
False
Is 20714473 a composite number?
True
Is 180583813 a composite number?
True
Is 693114617 a composite number?
True
Is 95241671 prime?
False
Is 1668971 composite?
False
Is 186963571 a composite number?
False
Is 814823 prime?
True
Is 4178183 prime?
False
Is 17751649 prime?
True
Is 153193 prime?
False
Is 3240101 a prime number?
True
Is 794327 a composite number?
False
Is 20099962 a prime number?
False
Is 16757843 composite?
False
Is 55611931 composite?
True
Is 13997261 a prime number?
True
Is 20185855 prime?
False
Is 498493 a composite number?
False
Is 8083523 a composite number?
True
Is 4988587 a composite number?
True
Is 9826517 composite?
False
Is 2093495 prime?
False
Is 18453433 a prime number?
False
Is 855140815 composite?
True
Is 45068827 a prime number?
True
Is 2610497 composite?
False
Is 684637 prime?
True
Is 2806057 a prime number?
False
Is 12611818 prime?
False
Is 1438013 composite?
True
Is 1613981 composite?
False
Is 6954973 a prime number?
False
Is 28545969 a composite number?
True
Is 21209389 composite?
True
Is 5550647 composite?
False
Is 712081 a prime number?
False
Is 16018391 prime?
True
Is 17839501 a composite number?
False
Is 5073487 prime?
False
Is 7840007 composite?
True
Is 148676321 a composite number?
False
Is 48162503 a composite number?
False
Is 550069913 a composite number?
False
Is 105639011 a prime number?
True
Is 41520989 prime?
True
Is 4562554 composite?
True
Is 5405857 prime?
True
Is 1715921 a composite number?
True
Is 3928487 a composite number?
False
Is 4640821 a prime number?
True
Is 1957621 composite?
False
Is 2282129 a composite number?
True
Is 95857 prime?
True
Is 94844099 prime?
False
Is 2095061 a prime number?
True
Is 551027 a composite number?
False
Is 362530639 a prime number?
True
Is 6331795 a composite number?
True
Is 7992751 a prime number?
False
Is 169583311 composite?
False
Is 26165573 a prime number?
False
Is 10507027 a prime number?
True
Is 6210337 a composite number?
True
Is 299466317 composite?
False
Is 227101097 prime?
False
Is 525353 composite?
False
Is 4693319 a prime number?
False
Is 186206069 prime?
False
Is 1616239 a prime number?
False
Is 4619245 a prime number?
False
Is 12831809 prime?
True
Is 8477669 a composite number?
True
Is 10441814 a composite number?
True
Is 406837907 prime?
False
Is 7244399 a prime number?
True
Is 237017567 composite?
False
Is 6043169 a prime number?
False
Is 1158397 a prime number?
False
Is 15874123 prime?
True
Is 9045383 composite?
False
Is 18965486 a prime number?
False
Is 5774387 prime?
True
Is 461876327 a prime number?
False
Is 288959371 prime?
True
Is 6952207 composite?
False
Is 15694451 composite?
True
Is 20131751 a composite number?
True
Is 3125257 a composite number?
False
Is 380678887 a prime number?
False
Is 28258001 composite?
False
Is 17542697 a prime number?
True
Is 391861811 a composite number?
True
Is 6286393 a prime number?
False
Is 7775249 prime?
False
Is 4709281 a composite number?
True
Is 2211371 composite?
True
Is 107207857 a prime number?
True
Is 11764127 prime?
False
Is 7177531 a composite number?
False
Is 544539 prime?
False
Is 106935782 composite?
True
Is 223897109 a composite number?
False
Is 271916143 composite?
True
Is 57736313 a composite number?
False
Is 43025099 prime?
False
Is 304930427 composite?
False
Is 1515831 a prime number?
False
Is 1601803 a composite number?
True
Is 1216009 a prime number?
True
Is 7934933 a prime number?
False
Is 59525819 composite?
False
Is 1582243 a composite number?
True
Is 61871185 a composite number?
True
Is 6204437 a prime number?
True
Is 30188657 prime?
True
Is 373159 a composite number?
True
Is 6708929 composite?
False
Is 33466579 a prime number?
True
Is 31343 a composite number?
True
Is 30485381 prime?
True
Is 155118631 a prime number?
True
Is 43078939 composite?
True
Is 19292305 composite?
True
Is 1747211 a composite number?
True
Is 1180937561 composite?
False
Is 1326673 composite?
False
Is 1470941 prime?
True
Is 81958421 a prime number?
False
Is 749557 a composite number?
False
Is 246919151 a prime number?
False
Is 12160913 a prime number?
True
Is 21871301 composite?
True
Is 12798733 a composite number?
False
Is 2236873 prime?
True
Is 5381891 a prime number?
True
Is 37786789 a composite number?
True
Is 6025573 composite?
True
Is 44850167 a composite number?
False
Is 187062709 composite?
True
Is 146168747 a prime number?
True
Is 8822939 composite?
False
Is 135959807 a composite number?
True
Is 60865919 a prime number?
True
Is 59308793 composite?
False
Is 3496387 prime?
True
Is 126387173 a composite number?
True
Is 1785437 composite?
True
Is 45438179 prime?
False
Is 603615509 prime?
False
Is 703187 prime?
False
Is 44675179 composite?
False
Is 21819445 prime?
False
Is 37008607 composite?
True
Is 11502041 prime?
False
Is 71332711 composite?
True
Is 23800043 composite?
True
Is 90116879 a composite number?
False
Is 3730641 a prime number?
False
Is 39825853 a composite number?
False
Is 59271959 a prime number?
False
Is 26345953 composite?
False
Is 764843 a prime number?
False
Is 179068987 prime?
False
Is 13079279 composite?
False
Is 59852077 a prime number?
False
Is 16872729 a prime number?
False
Is 15741217 a composite number?
False
Is 2091053 a prime number?
True
Is 120657233 a composite number?
True
Is 650227 a composite number?
False
Is 84149077 composite?
False
Is 53141 a composite number?
True
Is 4155331 a composite number?
False
Is 13618113 composite?
True
Is 151367 prime?
False
Is 14863669 composite?
False
Is 13585751 a composite number?
True
Is 200513 prime?
True
Is 168852559 a prime number?
True
Is 975839 composite?
True
Is 4702517 a prime number?
False
Is 10536359 a prime number?
True
Is 18936271 prime?
True
Is 27983047 prime?
True
Is 12379769 a prime number?
True
Is 1932797 composite?
False
Is 20907877 composite?
False
Is 1448809 prime?
False
Is 43935709 prime?
False
Is 9186115 a prime number?
False
Is 1200673 a prime number?
True
Is 13515781 prime?
True
Is 2812121 composite?
True
Is 11176169 a prime number?
True
Is 6580159 a prime number?
True
Is 12554761 composite?
False
Is 316570973 composite?
False
Is 1696417 a prime number?
True
Is 21169 composite?
False
Is 565681 a prime number?
False
Is 7577101 a prime number?
False
Is 1312513 a prime number?
True
Is 9179557 a composite number?
False
Is 25680301 a composite number?
True
Is 4468327 composite?
False
Is 84892417 composite?
True
Is 1955609 composite?
False
Is 11910905 a prime number?
False
Is 80510849 composite?
False
Is 31439939 a prime number?
True
Is 1007389 a composite number?
True
Is 14699561 a prime number?
True
Is 14487569 a prime number?
True
Is 2143367 a prime number?
False
Is 41201483 prime?
True
Is 96285677 a prime number?
True
Is 19608131 composite?
False
Is 28865987 composite?
Fals